visor of t and 7?
7
Let v(t) = t**2 + 3. Let o be v(3). Suppose 534 + 114 = o*r. What is the greatest common factor of 36 and r?
18
Suppose -2598 = -3*m - 2*w, -m - 4*m - w = -4344. Calculate the greatest common divisor of 928 and m.
58
Let c = -4670 - -4672. Let m(x) = 255*x**2 + 3*x - 2. Let o be m(1). What is the greatest common factor of o and c?
2
Let u = 47 - 45. Suppose -3*x = -5*j - 312, -u*x = -7*x - 5*j + 480. Let r(s) = -6*s - 24. Let k be r(-15). What is the highest common divisor of k and x?
33
Let w(b) = 11*b + 21. Let l be w(5). Calculate the highest common factor of 7068 and l.
76
Let b(x) = x**2 - x - 7. Let v be 1 + 15/5 - -3. Let k be b(v). Let g = -443 + 723. What is the greatest common divisor of g and k?
35
Suppose -715 + 199 = -4*b. Suppose 0 = 4*v + 4, 0 = 5*l - v - 3*v - b. Suppose 4*w = 3*d - 217, -5*w + 14 = 4. Calculate the highest common divisor of d and l.
25
Suppose -4*t + 12 = -t. Suppose -j - 35 = 3*j + 5*c, 5*j + 55 = -4*c. Let m = j - -35. Calculate the greatest common factor of t and m.
4
Let a(s) = 6*s - 49. Let w be a(9). Suppose 3*c + 375 = 6*c. Suppose -16*o + c = -11*o. Calculate the greatest common factor of o and w.
5
Suppose -10*z + 3239 + 2611 = 0. Calculate the highest common factor of z and 75.
15
Let w be 12/(2*(-2)/(-78)). Suppose -166*d = -3*l - 170*d + 70, -4*d = -3*l + 38. What is the highest common factor of w and l?
18
Let z(m) = 2*m**2 + 177*m - 76. Let i be z(-89). What is the greatest common divisor of i and 17394?
13
Let p = 6557 + 35. Calculate the highest common factor of p and 256.
64
Let l(m) = -3*m**2 + 80*m + 14. Let f be l(30). Let b = 316 + f. Let s = -13 - -53. What is the greatest common divisor of s and b?
10
Suppose 2*s - 13 = 3. Suppose 12*n - s = 10*n. Let z be (n - 1/1)*4. What is the greatest common factor of 15 and z?
3
Let s be -7 - (4 + 2) - -127. What is the highest common factor of s and 1425?
57
Let x = 0 - -18. Suppose -5*a - 18 = 5162. Let i = 1126 + a. Calculate the highest common divisor of i and x.
18
Suppose -4*k + 31674 = -n, 260*k - 263*k + 4*n + 23736 = 0. Calculate the highest common divisor of k and 15.
15
Suppose 0 = 4*i + 2*c - 30, 3*c = i + i - 19. Suppose 2*g = 4*l - 21 - 15, g + 2 = 0. Calculate the greatest common divisor of i and l.
8
Let n(p) = p**3 + 24*p**2 - p + 16. Let t be n(-24). What is the greatest common factor of t and 752?
8
Let o be 1617 + ((12 - 4) + -3 - (-2 - -8)). Calculate the highest common factor of 12 and o.
4
Suppose -20 = -4*r, 110*l - 109*l - 279 = -3*r. What is the highest common factor of l and 1452?
132
Let l = -287 - -1178. What is the highest common divisor of l and 132?
33
Let b(m) = m**2 - 8*m - 43. Let l be b(18). Let x = 202 - l. What is the greatest common divisor of 39 and x?
13
Let x be (68/(-170) - (-6)/(-10)) + (3 - -64). What is the highest common divisor of x and 8558?
22
Let n = 564 - 643. Let w = n - -112. Calculate the highest common divisor of 957 and w.
33
Suppose 38*p - 136 = 36*p. Calculate the highest common divisor of p and 11798.
34
Let d = 146 - 111. Let a(u) = 55*u + 5. Suppose 4*c - 2*j - j - 5 = 0, -5*c - 4*j + 45 = 0. Let x be a(c). What is the greatest common divisor of d and x?
35
Let q(c) = -10*c + 4. Let f be q(-5). Suppose 23*u = 1744 + 283 - 371. What is the greatest common divisor of u and f?
18
Let y(d) = -230*d + 314. Let j be y(-1). What is the highest common factor of 476 and j?
68
Let a(m) = -m - 26. Let g be a(-33). Suppose -g*j + 5*d - 1495 = -10*j, 0 = 5*j + 5*d - 2485. What is the highest common factor of 45 and j?
45
Let a = -152 + 182. Let b(k) = -31*k - 8. Let z be b(-8). Suppose 0 = -2*c - 2*c - 5*d + z, 0 = 2*d. Calculate the highest common divisor of a and c.
30
Let d = -4925 - -5421. Suppose -u - 2*x - 36 = -3*u, 2*x = 4*u - 68. What is the greatest common factor of d and u?
16
Suppose -33797 = -4*n + 9*q - 14*q, -2*n = q - 16897. What is the highest common divisor of 66 and n?
66
Suppose 98 = 10*z - 42. Calculate the greatest common divisor of 1491 and z.
7
Suppose 20*b = 9*b - 110. Let a(z) = z**3 + 16*z**2 + 15*z + 1. Let j be a(b). What is the greatest common divisor of 41 and j?
41
Let n = -36893 - -40112. What is the highest common factor of 29 and n?
29
Let z be -1*(-6)/24 - 3438/(-72). Calculate the highest common factor of z and 12.
12
Suppose -x = 3*z - 212 - 239, z - 177 = 5*x. Suppose 34*n = 11*n + 115. Suppose -2*m + n = -33. Calculate the highest common factor of m and z.
19
Let b(c) = -22*c - 1556. Let p be b(-84). Calculate the greatest common divisor of 4 and p.
4
Suppose 0 = 2*n + 15*p - 16*p - 40, p = -2*n + 40. Let r be (-82)/(-4) - (-2)/(-4). Suppose 3*d = r + 10. What is the highest common factor of n and d?
10
Let y(t) = 37*t**2 - 25*t + 211. Let l be y(13). Suppose 3717 = 7*s - l. Calculate the highest common factor of 88 and s.
88
Let l = 103 - 242. Let v = 96 + l. Let n = 64 + v. Calculate the highest common divisor of n and 105.
21
Let i = -249 + 251. Suppose 0 = -5*j - i*g + 96, 2*g - 3 = 3. Calculate the greatest common factor of 162 and j.
18
Suppose 4*q + 286 + 174 = 0. Let g = q - -335. What is the greatest common divisor of g and 5?
5
Let i = -26 - -33. Suppose -1 = -2*t + 3. Let k be 28*(t + (-12)/16). What is the greatest common factor of i and k?
7
Suppose 0 = 117*q - 64*q - 1562 - 2572. What is the greatest common divisor of 12948 and q?
78
Suppose 17*k = 9*k + 200. Suppose 0 = -8*s + 3*s + k. What is the highest common factor of 65 and s?
5
Let n = -154 + 189. Let y = -37 + 40. Suppose 4*v = -y*r + 26, v + 0*r - 3 = r. What is the highest common factor of n and v?
5
Suppose -4*s + 1006 = 2*w, 110*w - 2*s = 106*w + 2032. Calculate the greatest common factor of 975 and w.
39
Suppose -152*k = -147*k - 150. Let w = -18 + k. What is the highest common factor of w and 18?
6
Let m be (-3210)/(-90) - (-1)/3. Let j be (2 - (7 - 7))*114. Calculate the highest common divisor of j and m.
12
Let b(m) = 603*m + 40 + 611*m + 6*m**2 - 1240*m. Let x be b(6). Calculate the highest common factor of 30 and x.
10
Let r(j) = -520*j - 3570. Let l be r(-61). Calculate the greatest common factor of l and 50.
50
Suppose 3*s - 3*l - 261 = 0, -s = s - 3*l - 169. Suppose -h = h - s. Let g be (1 + -24)*1*-1. Calculate the greatest common divisor of h and g.
23
Let g be 992/80 + (-14)/10. Let w = 20 - g. Calculate the greatest common factor of w and 15.
3
Let k be (0 + 129*3)*1. Suppose u + 1 = -2*w, 5*u = -2*w + 27 + 8. What is the highest common divisor of k and u?
9
Let i(g) be the first derivative of -1/2*g**2 + 6 + 28*g. Let a be i(19). What is the highest common divisor of a and 1?
1
Suppose 4*h + 2*j = 62, j + 2*j = -5*h + 80. Suppose -h*m = -25*m + 960. Calculate the greatest common divisor of 48 and m.
16
Let y(j) = j**3 - 5*j**2 + 4*j + 14. Suppose 110 = 12*m + 10*m. Let i be y(m). What is the greatest common divisor of 2 and i?
2
Suppose 28*p + 10*p + 12948 = 174448. What is the highest common factor of p and 102?
34
Let n be 4 - (9/1 - (-11 + 16)). Suppose 3*o = 4*o - 2, n = m + 3*o - 23. What is the highest common factor of m and 34?
17
Let b(g) = -2*g**3 - 12*g**2 - 2*g + 13. Suppose 0*k + 1 = k, 0 = 3*n + 2*k + 22. Let a be b(n). What is the highest common divisor of 114 and a?
57
Let y be 3330/(-259) + ((-4)/14)/2. Let l(d) = d**3 + 12*d**2 - 11*d + 32. Let v be l(y). Calculate the greatest common divisor of v and 21.
3
Let m(q) = 29*q**2 + 6*q - 1393. Let y be m(-36). Calculate the greatest common divisor of 25 and y.
25
Suppose 0 = -8*a + 3*a - 10, 5*q + 3*a - 184 = 0. Suppose -q = -5*r - 18. What is the greatest common divisor of r and 196?
4
Let x = 234 - 225. Suppose -930 = -15*m + 510. Calculate the greatest common divisor of x and m.
3
Suppose 3*c - 3*w + 6 = 3, 4*c - 24 = -3*w. Suppose -2*i + 291 = i - c*b, 2*b = 4*i - 394. Calculate the highest common divisor of i and 250.
50
Let s(h) be the first derivative of h**4/2 - 49*h**3/3 - 11*h**2 - 47*h - 92. Let y be s(25). What is the highest common factor of y and 700?
28
Let o be (-2)/(-11) - ((-64840)/88 - -22). Calculate the greatest common divisor of o and 3861.
143
Suppose -2*p = -3*h + 45, 230*p - 228*p + 12 = 0. Let x be (-141)/15 + (-4)/(-10). Let t = 13 - x. Calculate the highest